{"id":24,"date":"2024-01-01T10:19:25","date_gmt":"2024-01-01T10:19:25","guid":{"rendered":"https:\/\/biblioteka.sulejow.pl\/wpmbps\/?page_id=24"},"modified":"2024-09-04T08:38:47","modified_gmt":"2024-09-04T08:38:47","slug":"filia-biblioteczna-w-lecznie","status":"publish","type":"page","link":"https:\/\/biblioteka.sulejow.pl\/?page_id=24","title":{"rendered":"Filia biblioteczna w \u0141\u0119cznie"},"content":{"rendered":"\n<p id=\"tresc\">Filia Biblioteczna w \u0141\u0119cznie<br>\u0141\u0119czno 12<br>97 \u2013 330 Sulej\u00f3w<br>tel. 44 617 29 03<br>leczno@biblioteka.sulejow.pl<br>Godziny otwarcia: wtorek-\u015broda 12.00-17.00, czwartek-pi\u0105tek  11.00-16.00 <\/p>\n","protected":false},"excerpt":{"rendered":"<p>Filia Biblioteczna w \u0141\u0119cznie\u0141\u0119czno 1297 \u2013 330 Sulej\u00f3wtel. 44 617 29 03leczno@biblioteka.sulejow.plGodziny otwarcia: wtorek-\u015broda 12.00-17.00, czwartek-pi\u0105tek 11.00-16.00<\/p>\n","protected":false},"author":1,"featured_media":0,"parent":0,"menu_order":0,"comment_status":"closed","ping_status":"closed","template":"","meta":{"zakra_page_container_layout":"customizer","zakra_page_sidebar_layout":"customizer","zakra_remove_content_margin":false,"zakra_sidebar":"customizer","zakra_transparent_header":"customizer","zakra_logo":0,"zakra_main_header_style":"default","zakra_menu_item_color":"","zakra_menu_item_hover_color":"","zakra_menu_item_active_color":"","zakra_menu_active_style":"","zakra_page_header":true,"footnotes":"","_links_to":"","_links_to_target":""},"class_list":["post-24","page","type-page","status-publish","hentry"],"_links":{"self":[{"href":"https:\/\/biblioteka.sulejow.pl\/index.php?rest_route=\/wp\/v2\/pages\/24","targetHints":{"allow":["GET"]}}],"collection":[{"href":"https:\/\/biblioteka.sulejow.pl\/index.php?rest_route=\/wp\/v2\/pages"}],"about":[{"href":"https:\/\/biblioteka.sulejow.pl\/index.php?rest_route=\/wp\/v2\/types\/page"}],"author":[{"embeddable":true,"href":"https:\/\/biblioteka.sulejow.pl\/index.php?rest_route=\/wp\/v2\/users\/1"}],"replies":[{"embeddable":true,"href":"https:\/\/biblioteka.sulejow.pl\/index.php?rest_route=%2Fwp%2Fv2%2Fcomments&post=24"}],"version-history":[{"count":5,"href":"https:\/\/biblioteka.sulejow.pl\/index.php?rest_route=\/wp\/v2\/pages\/24\/revisions"}],"predecessor-version":[{"id":694,"href":"https:\/\/biblioteka.sulejow.pl\/index.php?rest_route=\/wp\/v2\/pages\/24\/revisions\/694"}],"wp:attachment":[{"href":"https:\/\/biblioteka.sulejow.pl\/index.php?rest_route=%2Fwp%2Fv2%2Fmedia&parent=24"}],"curies":[{"name":"wp","href":"https:\/\/api.w.org\/{rel}","templated":true}]}}